me factors of 2429849007.
3, 23, 11738401
What are the prime factors of 64411354?
2, 7, 4600811
What are the prime factors of 1254227855?
5, 250845571
List the prime factors of 137818856.
2, 7, 19, 129529
What are the prime factors of 2040161366?
2, 19, 1657, 32401
What are the prime factors of 43290607?
19, 2278453
List the prime factors of 106075385.
5, 13, 19, 6607
List the prime factors of 89076627.
3, 971, 10193
List the prime factors of 5058578436.
2, 3, 103, 4092701
What are the prime factors of 55446414?
2, 3, 31, 298099
List the prime factors of 3446692414.
2, 11, 156667837
List the prime factors of 41666011.
29, 43, 33413
List the prime factors of 2635436388.
2, 3, 13, 16893823
What are the prime factors of 10699943?
743, 14401
List the prime factors of 8777049.
3, 17, 113, 1523
What are the prime factors of 1776391?
283, 6277
List the prime factors of 43970110.
2, 5, 191, 23021
List the prime factors of 815707987.
7109, 114743
List the prime factors of 1291148262.
2, 3, 7970051
List the prime factors of 39308344.
2, 4913543
List the prime factors of 2791618967.
29, 71, 271, 5003
What are the prime factors of 61587273?
3, 11, 1866281
What are the prime factors of 95792774?
2, 7, 11, 71, 8761
What are the prime factors of 522134342?
2, 89, 2933339
What are the prime factors of 271199128?
2, 33899891
List the prime factors of 30036554.
2, 15018277
List the prime factors of 7359990360.
2, 3, 5, 41, 127, 11779
What are the prime factors of 3541134580?
2, 5, 37, 53, 90289
List the prime factors of 374220996.
2, 3, 67, 6947
What are the prime factors of 8793656038?
2, 19, 2467, 4937
List the prime factors of 7181912984.
2, 71, 12644213
List the prime factors of 7215301256.
2, 47, 19189631
List the prime factors of 21494095.
5, 7, 83, 151
List the prime factors of 3494840650.
2, 5, 7, 9985259
What are the prime factors of 202512350?
2, 5, 199, 20353
List the prime factors of 61886704.
2, 11, 79, 4451
List the prime factors of 159936679.
7, 179, 127643
What are the prime factors of 193031177?
193031177
What are the prime factors of 553073526?
2, 3, 1481, 20747
What are the prime factors of 84531491?
11, 29, 193, 1373
List the prime factors of 46135508.
2, 829, 13913
List the prime factors of 351645251.
59, 5960089
What are the prime factors of 459706240?
2, 5, 7, 107, 137
What are the prime factors of 281049073?
281049073
List the prime factors of 20931188.
2, 2207, 2371
What are the prime factors of 102327277?
13, 7871329
List the prime factors of 73095280.
2, 5, 19, 2531
What are the prime factors of 907336637?
23, 73, 251, 2153
What are the prime factors of 1570991461?
13, 120845497
List the prime factors of 37852347.
3, 13, 970573
What are the prime factors of 1040016521?
1040016521
What are the prime factors of 140468125?
5, 7, 97, 331
List the prime factors of 81689413.
13, 673, 9337
What are the prime factors of 58833490?
2, 5, 1523, 3863
What are the prime factors of 6066911289?
3, 4231, 477973
What are the prime factors of 1389320598?
2, 3, 877, 264029
What are the prime factors of 72307581?
3, 24102527
List the prime factors of 1199357269.
11, 131, 832309
List the prime factors of 26272022.
2, 7, 19, 283, 349
What are the prime factors of 114278565?
3, 5, 1229, 6199
What are the prime factors of 400191069?
3, 133397023
List the prime factors of 9279574167.
3, 3093191389
What are the prime factors of 16997352?
2, 3, 708223
What are the prime factors of 1226626185?
3, 5, 81775079
What are the prime factors of 1313168229?
3, 145907581
What are the prime factors of 144023638?
2, 11, 595139
List the prime factors of 227741034.
2, 3, 103, 368513
List the prime factors of 101906644.
2, 7, 3639523
List the prime factors of 65341044.
2, 3, 41, 44269
List the prime factors of 1384283664.
2, 3, 37, 259813
What are the prime factors of 267739585?
5, 37, 1447241
What are the prime factors of 128956661?
71, 701, 2591
What are the prime factors of 213730952?
2, 991, 26959
What are the prime factors of 26470297?
7, 41, 149, 619
What are the prime factors of 691243545?
3, 5, 17, 2710759
What are the prime factors of 1417440641?
19, 6367, 11717
What are the prime factors of 201699340?
2, 5, 10084967
What are the prime factors of 89887750?
2, 5, 167, 2153
What are the prime factors of 30845041?
83, 371627
List the prime factors of 173558200.
2, 5, 127, 6833
List the prime factors of 890930395.
5, 2683, 66413
What are the prime factors of 1255334685?
3, 5, 11, 149, 51061
List the prime factors of 41776594.
2, 103, 202799
What are the prime factors of 269041086?
2, 3, 433, 34519
List the prime factors of 63786051.
3, 7, 29, 34913
What are the prime factors of 92950948?
2, 23237737
List the prime factors of 126727608.
2, 3, 7, 23, 32797
What are the prime factors of 215238446?
2, 107619223
List the prime factors of 585678044.
2, 7, 20917073
What are the prime factors of 840251861?
840251861
What are the prime factors of 2662203767?
2662203767
What are the prime factors of 100438879?
61, 131, 12569
What are the prime factors of 610735515?
3, 5, 13, 3131977
What are the prime factors of 807655063?
807655063
What are the prime factors of 10985418?
2, 3, 610301
What are the prime factors of 253795186?
2, 5563, 22811
What are the prime factors of 1473017339?
1049, 1404211
What are the prime factors of 474968365?
5, 19, 4999667
List the prime factors of 17662011.
3, 907, 6491
What are the prime factors of 11060735?
5, 7, 71, 4451
List the prime factors of 465942909.
3, 19, 8174437
What are the prime factors of 272912812?
2, 68228203
What are the prime factors of 28006978?
2, 14003489
List the prime factors of 61623182.
2, 30811591
What are the prime factors of 112407111?
3, 17, 734687
List the prime factors of 541709932.
2, 73, 1855171
What are the prime factors of 753618997?
37, 157, 129733
What are the prime factors of 8238067?
8238067
What are the prime factors of 1368980412?
2, 3, 149, 765649
What are the prime factors of 100086199?
389, 457, 563
List the prime factors of 1900808302.
2, 950404151
List the prime factors of 42891513.
3, 7, 291779
What are the prime factors of 17936519?
17936519
What are the prime factors of 142526443?
137, 1040339
List the prime factors of 4551080050.
2, 5, 11, 59, 140249
What are the prime factors of 275404512?
2, 3, 1279, 2243
What are the prime factors of 1559840151?
3, 17, 23, 1329787
What are the prime factors of 23671681?
11, 2151971
List the prime factors of 77321386.
2, 2861, 13513
What are the prime factors of 678495991?
678495991
List the prime factors of 66172644.
2, 3, 137, 13417
What are the prime factors of 309554271?
3, 13, 67, 13163
What are the prime factors of 14824448?
2, 31, 467
List the prime factors of 5008399567.
41, 122156087
List the prime factors of 2114788033.
53, 137, 291253
What are the prime factors of 274310149?
739, 371191
List the prime factors of 332055548.
2, 11, 7546717
List the prime factors of 2767803507.
3, 7, 17, 861439
What are the prime factors of 3955256244?
2, 3, 17, 718093
What are the prime factors of 36494801?
7, 17, 19, 16141
What are the prime factors of 89688748?
2, 22422187
List the prime factors of 74474560.
2, 5, 211, 1103
List the prime factors of 321292509.
3, 919, 116537
What are the prime factors of 68253326?
2, 34126663
List the prime factors of 68624004.
2, 3, 5718667
What are the prime factors of 2731527414?
2, 3, 7, 11, 353, 1861
List the prime factors of 288500022.
2, 3, 5342593
What are the prime factors of 868775354?
2, 43, 47, 59, 3643
What are the prime factors of 7287845814?
2, 3, 577, 701699
What are the prime factors of 40480465?
5, 269, 30097
What are the prime factors of 12394114?
2, 101, 61357
What are the prime factors of 317699857?
41, 2207, 3511
What are the prime factors of 2355616014?
2, 3, 179, 2193311
What are the prime factors of 7847719638?
2, 3, 11, 29, 4100167
What are the prime factors of 1846339?
11, 15259
List the prime factors of 7025340838.
2, 31, 113311949
What are the prime factors of 343610423?
13, 1117, 23663
What are the prime factors of 121135013?
17, 19, 127, 2953
List the prime factors of 61737923.
13, 41, 115831
List the prime factors of 204057711.
3, 11, 13, 79, 223
List the prime factors of 4098748.
2, 929, 1103
List the 